?
-21
Let d(k) = k**3 - 3*k**2 - k - 30. Give d(0).
-30
Let h(t) = -t**2 - 9*t + 280. Give h(-22).
-6
Let q(t) = 4*t - 29. Give q(14).
27
Let y(r) = -2*r - 2. Determine y(0).
-2
Let l(s) = s**3 - 17*s**2 + 7*s - 35. Calculate l(17).
84
Let x(u) = -5*u**3 + 4*u**2 + 5*u + 3. Determine x(-2).
49
Let b(g) = 14*g - 1. What is b(3)?
41
Let o(w) = -w**2 - 13*w - 18. Determine o(-8).
22
Let b(s) = -4*s**2 + s - 4. Give b(2).
-18
Let h(j) = j**3 - 30*j**2 + 33*j - 115. Determine h(29).
1
Let a(b) = -b**2 + b - 7. Determine a(2).
-9
Let h(b) = -3*b - 1. Give h(-7).
20
Let w(h) = -2*h + 27. Calculate w(19).
-11
Let v(a) = -a + 26. Calculate v(-2).
28
Let q(r) = -r**3 + 13*r**2 + r + 2. Determine q(13).
15
Let z(n) = 23*n**2 - 7*n + 8. What is z(1)?
24
Let x(b) = 2*b**3 - 6*b**2 + 5*b + 1. Give x(3).
16
Let l(u) = u**3 + 15*u**2 - 18*u - 31. Determine l(-16).
1
Let w(c) = -c**3 + 15*c**2 - 23*c - 9. Determine w(13).
30
Let z(n) = -29*n + 63. What is z(2)?
5
Let f(y) = y**2 - 3*y + 7. Determine f(5).
17
Let u(q) = -q**2 + 6*q - 7. What is u(6)?
-7
Let w(i) = -2*i - 7. What is w(-10)?
13
Let v(l) = -3*l**2 + 41*l - 22. Determine v(13).
4
Let d(a) = -3*a**2 - 3*a + 13. Give d(-6).
-77
Let y(t) = 16*t + 19. Calculate y(-3).
-29
Let u(l) = 3*l**2 + 2*l - 18. Determine u(-8).
158
Let r(t) = -t**2 - 20*t - 71. Calculate r(-16).
-7
Let q(x) = -x - 11. Give q(-12).
1
Let a(f) = f**3 + 5*f**2 + f + 1. Give a(-2).
11
Let r(b) = b**3 - 9*b**2 + 9*b - 9. Give r(4).
-53
Let d(i) = -i**2 + 2*i + 10. Calculate d(5).
-5
Let z(f) = 39*f**3 + 2*f + 1. What is z(-1)?
-40
Let m(s) = -5*s**3 + 39*s**2 + 9*s - 14. Give m(8).
-6
Let a(l) = -27*l + 3. Determine a(2).
-51
Let z(i) = i - 26. Give z(0).
-26
Let o(k) = -k + 12. Calculate o(12).
0
Let z(s) = -37*s**2 - 74*s - 2. Calculate z(-2).
-2
Let k(y) = y**3 + 6*y**2 + 13*y + 1. Calculate k(-6).
-77
Let h(a) = -2*a + 16. Determine h(6).
4
Let q(m) = 4*m**2 - 13*m + 7. Give q(5).
42
Let z(v) = -v - 6. Calculate z(-8).
2
Let t(b) = 4*b**2 + 15*b - 6. What is t(-4)?
-2
Let y(l) = l**3 + 4*l**2 - 2*l + 2. Determine y(-5).
-13
Let d(q) = q**2 - 16*q - 196. Give d(25).
29
Let t(j) = -j**3 - 2*j**2 - 5*j - 3. Give t(-1).
1
Let i(o) = o - 19. Give i(22).
3
Let l(o) = 2*o - 1. Calculate l(5).
9
Let k(j) = -7*j - 2. Give k(7).
-51
Let h(f) = -f**3 - 4*f**2 + 6*f + 5. Calculate h(-5).
0
Let o(t) = -t**2 + 13*t - 14. Give o(8).
26
Let f(t) = 2*t**3 + 11*t**2 - 8*t - 15. Determine f(-6).
-3
Let d(l) = 9*l - 599. Give d(66).
-5
Let b(q) = q**3 + 6*q**2 - 4*q - 3. What is b(-7)?
-24
Let f(l) = 2*l**3 - 26*l**2 + 2*l - 14. Calculate f(13).
12
Let i(k) = 3*k - 6. Determine i(1).
-3
Let y(l) = l + 10. Give y(-6).
4
Let p(z) = -10*z**3 + 3*z**2 + 7*z + 3. What is p(-1)?
9
Let k(x) = -x - 11. Calculate k(5).
-16
Let j(m) = 3*m + 10. Give j(8).
34
Let d(z) = z**2 + 12*z. Determine d(-12).
0
Let y(a) = 4*a + 18. Determine y(-3).
6
Let o(g) = -g**3 - 3*g + 3. What is o(1)?
-1
Let a(g) = 2*g**2 + 21*g - 2. Calculate a(-9).
-29
Let b(w) = -w**3 - 23*w**2 + 4*w + 75. Determine b(-23).
-17
Let f(w) = -w**3 + 5*w**2 - 5*w + 4. What is f(5)?
-21
Let o(v) = -2*v**3 - 6*v**2 - v - 3. Determine o(-4).
33
Let o(a) = 2*a**2 - 4*a - 23. Give o(7).
47
Let x(q) = -q**2 + 16*q + 2. Determine x(16).
2
Let x(a) = a - 9. Calculate x(15).
6
Let j(r) = 15*r + 56. Determine j(-4).
-4
Let s(i) = 19*i**2 - 3*i + 2. What is s(1)?
18
Let c(j) = -j**2 - 12*j + 85. Determine c(-16).
21
Let w(r) = -3*r**3 + 63*r**2 + r - 25. Give w(21).
-4
Let a(y) = -y**2 + 20*y + 199. Calculate a(-7).
10
Let x(u) = -2*u + 4. What is x(-5)?
14
Let l(j) = -13*j + 3. Give l(2).
-23
Let j(z) = -3*z**2 + 19*z - 24. Give j(5).
-4
Let h(g) = -g - 5. Give h(-7).
2
Let q(o) = 4*o - 109. What is q(26)?
-5
Let p(f) = f**2 + 17*f - 35. What is p(9)?
199
Let p(j) = -j - 56. What is p(-24)?
-32
Let x(p) = -36*p + 152. Determine x(5).
-28
Let q(b) = b**3 + 18*b**2 + 13*b - 73. What is q(-17)?
-5
Let r(t) = t**3 - 4*t**2 - 5*t - 12. What is r(6)?
30
Let x(b) = 2*b**3 - 1. Determine x(-1).
-3
Let c(k) = -k**2 - 3*k + 34. Give c(-7).
6
Let q(f) = 3*f**2 - 52*f + 102. Calculate q(15).
-3
Let v(f) = 2*f - 8. Determine v(4).
0
Let q(j) = -j**2 - 56*j - 208. Determine q(-4).
0
Let r(z) = z**3 + 5*z**2 + 4*z + 5. Give r(-4).
5
Let a(q) = 5*q + 17. Determine a(-7).
-18
Let w(f) = 10*f - 1. Determine w(1).
9
Let p(q) = -2*q + 7. Calculate p(19).
-31
Let r(w) = -w**3 + 9*w**2 + 9*w - 23. Give r(10).
-33
Let r(y) = -y**2 - 8*y - 3. Determine r(-8).
-3
Let w(t) = 2*t**3 - 29*t**2 + 102*t + 2. Calculate w(6).
2
Let w(f) = f**2 + 8*f - 18. Calculate w(-10).
2
Let g(t) = -t**2 + 4*t - 9. Give g(7).
-30
Let m(l) = l**3 + l**2 + l - 11. Give m(0).
-11
Let o(h) = -h**2 + 8*h + 9. What is o(10)?
-11
Let q(r) = -r**3 - 10*r**2 + 10*r. Calculate q(-11).
11
Let h(c) = -4*c**2 + 33*c - 12. Determine h(7).
23
Let c(w) = -85*w + 315. Calculate c(4).
-25
Let f(x) = -4*x + 87. Calculate f(21).
3
Let z(b) = -b**2 + 10*b - 6. Determine z(4).
18
Let s(r) = -r**2 - 10*r - 20. What is s(-10)?
-20
Let i(y) = y**2 - 9*y - 5. Determine i(7).
-19
Let p(m) = m**2 + 4*m + 7. Determine p(-7).
28
Let o(t) = -3*t + 11. Calculate o(4).
-1
Let b(h) = -32*h + 25. What is b(1)?
-7
Let s(o) = o**2 + 6*o - 6. What is s(-9)?
21
Let q(c) = -6*c + 1. What is q(-1)?
7
Let x(g) = 65*g**2 + 2*g - 2. Give x(1).
65
Let n(t) = -3*t**2 - 60*t + 6. Calculate n(-20).
6
Let n(i) = 2*i**3 - 2*i**2 - 4*i - 2. Determine n(-2).
-18
Let h(n) = n**3 + 14*n**2 - 33*n - 4. Calculate h(-16).
12
Let h(t) = 7*t + 2. What is h(-1)?
-5
Let z(c) = -c - 3. Calculate z(-16).
13
Let q(m) = -4*m**2 - m. Calculate q(-1).
-3
Let r(w) = -w**3 + 9*w**2 - 6*w - 2. Determine r(8).
14
Let s(z) = z**2 + 7*z + 7. What is s(-5)?
-3
Let m(f) = -f**3 - 5*f**2 + 7*f + 2. Give m(-6).
-4
Let v(f) = 4*f**3 - 10*f**2 + 6*f - 16. Determine v(4).
104
Let r(y) = 35*y + 2. What is r(2)?
72
Let s(u) = 2*u**3 + u**2 - 4*u + 2. Determine s(3).
53
Let n(g) = 108*g - 4. Give n(0).
-4
Let l(h) = 2*h**2 + 64*h + 307. Give l(-6).
-5
Let o(g) = -9*g - 1. Determine o(-1).
8
Let r(x) = -x**2 - 5*x + 30. What is r(-9)?
-6
Let b(t) = -t**2 + t - 7. Calculate b(9).
-79
Let o(n) = n**3 + 10*n**2 + 3*n - 35. What is o(-9)?
19
Let p(m) = m**3 - m**2 - m. Calculate p(0).
0
Let q(k) = k**3 + 14*k**2 + k - 2. Give q(-14).
-16
Let y(s) = s**3 - 8*s**2 - 7*s + 7. What is y(9)?
25
Let c(y) = 2*y - 6. Determine c(3).
0
Let z(c) = -2*c**2 + 12*c - 5. Determine z(6).
-5
Let c(u) = -u**3 + 10*u**2 - 14*u - 5. Calculate c(8).
11
Let q(a) = a**2 + 7*a - 10. What is q(-7)?
-10
Let c(i) = i + 10. What is c(-6)?
4
Let k(r) = r**3 + r**2 + r - 37. Determine k(0).
-37
Let g(a) = -4*a**2 - 59*a - 190. Give g(-5).
5
Let x(b) = -6*b**2 - 29*b - 6. Give x(-5).
-11
Let i(j) = -16*j**3 - j**2 + 4*j - 1. Give i(2).
-125
Let o(p) = p + 6. Calculate o(-4).
2
Let p(j) = -j**2 - 13*j + 14. What is p(1)?
0
Let a(h) = 9*h + 29. What is a(-6)?
-25
Let v(m) = -9*m - 63. What is v(-8)?
9
Let x(z) = -7*z**3 + 2*z**2 + z - 1. Calculate x(-1).
7
Let r(x) = 5*x**2 + 55*x + 49. Calculate r(-10).
-1
Let u(y) = 27*y + 936. Determine u(-35).
-9
Let z(b) = b**2 + 9*b + 19. Give z(-6).
1
Let z(r) = r**2 - 4*r - 13. Give z(-4).
19
Let o(t) = t**3 - 13*t**2 + 13*t. Determine o(12).
12
Let x(k) = 4*k**2 + 33*k + 8. Calculate x(-8).
0
Let y(z) = -8*z**2 + 1. What is y(-1)?
-7
Let r(a) = a**2 + 5*a - 20. What is r(-7)?
-6
Let z(b) = 2*b**2 + 8*b - 4. What is z(-5)?
6
Let q(w) = -3*w**2 - 3*w - 13. Determine q(-2).
-19
Let r(q) = q**3 + 18*q**2 - 16. Give r(-18).
-16
Let n(k) = -3*k**3 + k**2 - 2*k + 1. Give n(2).
-23
Let o(h) = -2*h + 6. Determine o(0).
6
Let v(o) = -o**3 - 8*o**2 + 3*o + 9. Give v(-8).
-15
Let y(v) = -7*v + 36. Determine y(5).
1
Let z(m) = m**2 - 7*m - 1. Determine z(7).
-1
Let y(w) = -w**3 + 5*w - 4. Determine y(3).
-16
Let f(d) = -d**3 + 25*d**2 - 87*d + 63. Give f(21).
0
Let w(o) = o**3 - 3*o**2 - 4*o + 1. What is w(-3)?
-41
Let m(l) = l + 19. Determine m(3).
22
Let q(b) = -b**3 - 2*b**2 + 3*b - 2. Determine q(-3).
-2
Let r(d) = 5*d**2 + 12*d - 4. Determine r(2).
40
Let j(s) = -s**3 - 11*s**2 - 11*s - 9. Give j(-10).
1
Let f(t) = 6*t + 58. Calculate f(-8).
10
Let j(c) = 3*c**3 - 3*c**2 + 2*c - 1. Determine j(2).
15
Let z(g) = -g**3 + 3*g**2 - 